{"id":1793,"date":"2023-12-27T13:36:35","date_gmt":"2023-12-27T12:36:35","guid":{"rendered":"https:\/\/ziemiaswietawycieczki.com.pl\/?page_id=1793"},"modified":"2024-01-27T12:44:14","modified_gmt":"2024-01-27T11:44:14","slug":"regulamin","status":"publish","type":"page","link":"https:\/\/ziemiaswietawycieczki.com.pl\/?page_id=1793","title":{"rendered":"Regulamin"},"content":{"rendered":"\n<p><strong>Regulamin portalu internetowego<\/strong><\/p>\n\n\n\n<ul class=\"wp-block-list\">\n<li><strong>\u00a71<\/strong><\/li>\n<\/ul>\n\n\n\n<p><strong>Postanowienia wst\u0119pne<\/strong><\/p>\n\n\n\n<ol class=\"wp-block-list\">\n<li>Portal internetowy sprzedaj\u0105cy wycieczki dla turyst\u00f3w Elpol<em>, <\/em>dost\u0119pny pod adresem internetowym ziemiaswietawycieczki.com.pl prowadzony jest przez Seweryna Osowskiego prowadz\u0105cego dzia\u0142alno\u015b\u0107 gospodarcz\u0105 pod firm\u0105 Seweryn Osowski Elpol wpisan\u0105 do Centralnej Ewidencji i Informacji o Dzia\u0142alno\u015bci Gospodarczej (CEIDG) prowadzonej przez ministra w\u0142a\u015bciwego ds. gospodarki, NIP 5512479161 REGON 361015364<\/li>\n\n\n\n<li>Niniejszy Regulamin skierowany jest zar\u00f3wno do Konsument\u00f3w, jak i do Przedsi\u0119biorc\u00f3w korzystaj\u0105cych ze Sklepu i okre\u015bla zasady korzystania z portalu internetowego Elpol ziemiaswietawycieczki.com.pl oraz zasady i tryb zawierania Um\u00f3w Sprzeda\u017cy z Klientem na odleg\u0142o\u015b\u0107 za po\u015brednictwem Sklepu.<\/li>\n<\/ol>\n\n\n\n<ul class=\"wp-block-list\">\n<li><strong>\u00a72<\/strong><\/li>\n<\/ul>\n\n\n\n<p><strong>Definicje<\/strong><\/p>\n\n\n\n<ol class=\"wp-block-list\">\n<li><strong>Konsument <\/strong>&#8211; osoba fizyczna zawieraj\u0105ca ze Sprzedawc\u0105 umow\u0119 w ramach Sklepu, kt\u00f3rej przedmiot nie jest zwi\u0105zany bezpo\u015brednio z jej dzia\u0142alno\u015bci\u0105 gospodarcz\u0105 lub zawodow\u0105.<\/li>\n\n\n\n<li><strong>Sprzedawca <\/strong>&#8211; osoba fizyczna prowadz\u0105ca dzia\u0142alno\u015b\u0107 gospodarcz\u0105 pod firm\u0105 Seweryn Osowski Elpol wpisan\u0105 do Centralnej Ewidencji i Informacji o Dzia\u0142alno\u015bci Gospodarczej (CEIDG) prowadzonej przez ministra w\u0142a\u015bciwego ds. gospodarki, NIP 5512479161 REGON 361015364<\/li>\n\n\n\n<li><strong>Klient <\/strong>&#8211; ka\u017cdy podmiot dokonuj\u0105cy zakup\u00f3w za po\u015brednictwem Portalu.<\/li>\n\n\n\n<li><strong>Przedsi\u0119biorca <\/strong>&#8211; osoba fizyczna, osoba prawna i jednostka organizacyjna nieb\u0119d\u0105ca osob\u0105 prawn\u0105, kt\u00f3rej odr\u0119bna ustawa przyznaje zdolno\u015b\u0107 prawn\u0105, wykonuj\u0105ca we w\u0142asnym imieniu dzia\u0142alno\u015b\u0107 gospodarcz\u0105, kt\u00f3ra korzysta ze Sklepu.<\/li>\n\n\n\n<li><strong>Portal <\/strong>&#8211; sklep internetowy prowadzony przez Sprzedawc\u0119 pod adresem internetowym ziemiaswietawycieczki.com.pl<\/li>\n\n\n\n<li><strong>Umowa zawarta na odleg\u0142o\u015b\u0107<\/strong> &#8211; umowa zawarta z Klientem w ramach zorganizowanego systemu zawierania um\u00f3w na odleg\u0142o\u015b\u0107 (w ramach Portalu), bez jednoczesnej fizycznej obecno\u015bci stron, z wy\u0142\u0105cznym wykorzystaniem jednego lub wi\u0119kszej liczby \u015brodk\u00f3w porozumiewania si\u0119 na odleg\u0142o\u015b\u0107 do chwili zawarcia umowy w\u0142\u0105cznie.<\/li>\n\n\n\n<li><strong>Regulamin <\/strong>&#8211; niniejszy regulamin Portalu.<\/li>\n\n\n\n<li><strong>Zam\u00f3wienie <\/strong>&#8211; o\u015bwiadczenie woli Klienta sk\u0142adane za pomoc\u0105 Formularza Zam\u00f3wienia i zmierzaj\u0105ce bezpo\u015brednio do zawarcia Umowy Sprzeda\u017cy Produktu lub Produkt\u00f3w ze Sprzedawc\u0105.<\/li>\n\n\n\n<li><strong>Formularz zam\u00f3wienia<\/strong> &#8211; interaktywny formularz dost\u0119pny w Sklepie umo\u017cliwiaj\u0105cy z\u0142o\u017cenie Zam\u00f3wienia, w szczeg\u00f3lno\u015bci poprzez dodanie Produkt\u00f3w do Koszyka oraz okre\u015blenie warunk\u00f3w Umowy Sprzeda\u017cy, w tym sposobu p\u0142atno\u015bci.<\/li>\n\n\n\n<li><strong>Koszyk <\/strong>\u2013 element oprogramowania Sklepu, w kt\u00f3rym widoczne s\u0105 wybrane przez Klienta Produkty do zakupu, a tak\u017ce istnieje mo\u017cliwo\u015b\u0107 ustalenia i modyfikacji danych Zam\u00f3wienia, w szczeg\u00f3lno\u015bci ilo\u015bci produkt\u00f3w.<\/li>\n\n\n\n<li><strong>Produkt <\/strong>&#8211; dost\u0119pna w Portalu us\u0142uga b\u0119d\u0105ca przedmiotem Umowy Sprzeda\u017cy mi\u0119dzy Klientem a Sprzedawc\u0105.<\/li>\n\n\n\n<li><strong>Umowa Sprzeda\u017cy<\/strong> &#8211; umowa sprzeda\u017cy Produktu zawierana albo zawarta mi\u0119dzy Klientem a Sprzedawc\u0105 za po\u015brednictwem Sklepu internetowego. Przez Umow\u0119 Sprzeda\u017cy rozumie si\u0119 te\u017c &#8211; stosowanie do cech Produktu &#8211; umow\u0119 o \u015bwiadczenie us\u0142ug i umow\u0119 o dzie\u0142o.<\/li>\n<\/ol>\n\n\n\n<ul class=\"wp-block-list\">\n<li><strong>\u00a73<\/strong><\/li>\n<\/ul>\n\n\n\n<p><strong>Kontakt ze Sklepem<\/strong><\/p>\n\n\n\n<ol class=\"wp-block-list\">\n<li>Adres Sprzedawcy: 30-693 Krak\u00f3w, Kijanki 4\/2<\/li>\n\n\n\n<li>Adres e-mail Sprzedawcy: info@ziemiaswietawycieczki.com.pl<\/li>\n\n\n\n<li>Numer telefonu Sprzedawcy: 669488838<\/li>\n\n\n\n<li>Numer rachunku bankowego Sprzedawcy 68 2490 0005 0000 4530 8119 4066<\/li>\n\n\n\n<li>Klient mo\u017ce porozumiewa\u0107 si\u0119 ze Sprzedawc\u0105 za pomoc\u0105 adres\u00f3w i numer\u00f3w telefon\u00f3w podanych w niniejszym paragrafie.<\/li>\n\n\n\n<li>Klient mo\u017ce porozumie\u0107 si\u0119 telefonicznie ze Sprzedawc\u0105 w godzinach 9:00-17:00<\/li>\n<\/ol>\n\n\n\n<ul class=\"wp-block-list\">\n<li><strong>\u00a74<\/strong><\/li>\n<\/ul>\n\n\n\n<p><strong>Wymagania techniczne<\/strong><\/p>\n\n\n\n<p>Do korzystania ze Sklepu, w tym przegl\u0105dania asortymentu Sklepu oraz sk\u0142adania zam\u00f3wie\u0144 na Produkty, niezb\u0119dne s\u0105:<\/p>\n\n\n\n<ol class=\"wp-block-list\">\n<li>urz\u0105dzenie ko\u0144cowe z dost\u0119pem do sieci Internet i przegl\u0105dark\u0105 internetow\u0105 typu Internet Explore,Google Chrome, Firefox, Opera<\/li>\n\n\n\n<li>aktywne konto poczty elektronicznej (e-mail),<\/li>\n\n\n\n<li>w\u0142\u0105czona obs\u0142uga plik\u00f3w cookies.<\/li>\n<\/ol>\n\n\n\n<ul class=\"wp-block-list\">\n<li><strong>\u00a75<\/strong><\/li>\n<\/ul>\n\n\n\n<p><strong>Informacje og\u00f3lne<\/strong><\/p>\n\n\n\n<ol class=\"wp-block-list\">\n<li>Sprzedawca w najszerszym dopuszczalnym przez prawo zakresie nie ponosi odpowiedzialno\u015bci za zak\u0142\u00f3cenia w tym przerwy w funkcjonowaniu Sklepu spowodowane si\u0142\u0105 wy\u017csz\u0105, niedozwolonym dzia\u0142aniem os\u00f3b trzecich lub niekompatybilno\u015bci\u0105 Sklepu internetowego z infrastruktur\u0105 techniczn\u0105 Klienta.<\/li>\n\n\n\n<li>Przegl\u0105danie asortymentu Sklepu nie wymaga zak\u0142adania Konta. Sk\u0142adanie zam\u00f3wie\u0144 przez Klienta mo\u017cliwe jest przez podanie niezb\u0119dnych danych osobowych i adresowych umo\u017cliwiaj\u0105cych realizacj\u0119 zam\u00f3wienia bez zak\u0142adania Konta.<\/li>\n\n\n\n<li>Ceny podane w Sklepie s\u0105 podane w euro i s\u0105 cenami brutto (uwzgl\u0119dniaj\u0105 podatek VAT).<\/li>\n\n\n\n<li>Na ko\u0144cow\u0105 (ostateczn\u0105) kwot\u0119 do zap\u0142aty przez Klienta sk\u0142ada si\u0119 cena za us\u0142ug\u0119 oraz koszt portalu rezerwacyjnego, o kt\u00f3rej Klient jest informowany na stronach Sklepu w momencie p\u0142atno\u015bci za z\u0142o\u017cone zam\u00f3wienie.<\/li>\n<\/ol>\n\n\n\n<ul class=\"wp-block-list\">\n<li><strong>\u00a76<\/strong><\/li>\n<\/ul>\n\n\n\n<p><strong>Zasady sk\u0142adania Zam\u00f3wienia<\/strong><\/p>\n\n\n\n<p>W celu z\u0142o\u017cenia Zam\u00f3wienia nale\u017cy:<\/p>\n\n\n\n<ol class=\"wp-block-list\">\n<li>wybra\u0107 Produkt b\u0119d\u0105cy przedmiotem Zam\u00f3wienia, a nast\u0119pnie klikn\u0105\u0107 przycisk \u201eBook now\u201d;<\/li>\n\n\n\n<li>skorzysta\u0107 z mo\u017cliwo\u015bci z\u0142o\u017cenia Zam\u00f3wienia bez rejestracji;- wype\u0142ni\u0107 Formularz zam\u00f3wienia wybieraj\u0105c dat\u0119 i godzin\u0119 wycieczki oraz wpisanie danych odbiorcy Zam\u00f3wienia,<\/li>\n\n\n\n<li>klikn\u0105\u0107 przycisk zap\u0142aty i dokona\u0107 p\u0142atno\u015bci<\/li>\n<\/ol>\n\n\n\n<ul class=\"wp-block-list\">\n<li><strong>\u00a77<\/strong><\/li>\n<\/ul>\n\n\n\n<p><strong>Oferowane metody p\u0142atno\u015bci<\/strong><\/p>\n\n\n\n<ol class=\"wp-block-list\">\n<li>Klient mo\u017ce skorzysta\u0107 z nast\u0119puj\u0105cych metod p\u0142atno\u015bci:<\/li>\n\n\n\n<li>P\u0142atno\u015b\u0107 kart\u0105 p\u0142atnicz\u0105: w przypadku polskiej waluty: Przelewy24 \u2013 PayPro S.A. ul. Kanclerska 15, 60-327 Pozna\u0144; Euro: Stripe -South San Francisco, 354 Oyster Point Blvd, United States<\/li>\n<\/ol>\n\n\n\n<ul class=\"wp-block-list\">\n<li><strong>\u00a78<\/strong><\/li>\n<\/ul>\n\n\n\n<p><strong>Wykonanie umowy sprzeda\u017cy<\/strong><\/p>\n\n\n\n<ol class=\"wp-block-list\">\n<li>Zawarcie Umowy Sprzeda\u017cy mi\u0119dzy Klientem a Sprzedawc\u0105 nast\u0119puje po uprzednim z\u0142o\u017ceniu przez Klienta Zam\u00f3wienia za pomoc\u0105 formularza zam\u00f3wienia w Sklepie internetowym zgodnie z \u00a7 7 Regulaminu.<\/li>\n\n\n\n<li>Po z\u0142o\u017ceniu Zam\u00f3wienia Sprzedawca niezw\u0142ocznie potwierdza jego otrzymanie oraz jednocze\u015bnie przyjmuje Zam\u00f3wienie do realizacji. Potwierdzenie otrzymania Zam\u00f3wienia i jego przyj\u0119cie do realizacji nast\u0119puje poprzez przes\u0142anie przez Sprzedawc\u0119 Klientowi stosownej wiadomo\u015bci e-mail na podany w trakcie sk\u0142adania Zam\u00f3wienia adres poczty elektronicznej Klienta, kt\u00f3ra zawiera co najmniej o\u015bwiadczenia Sprzedawcy o otrzymaniu Zam\u00f3wienia i o jego przyj\u0119ciu do realizacji oraz potwierdzenie zawarcia Umowy Sprzeda\u017cy. Z chwil\u0105 otrzymania przez Klienta powy\u017cszej wiadomo\u015bci e-mail zostaje zawarta Umowa Sprzeda\u017cy mi\u0119dzy Klientem a Sprzedawc\u0105.<\/li>\n\n\n\n<li>W przypadku wyboru przez Klienta:<\/li>\n\n\n\n<li>p\u0142atno\u015bci kart\u0105 p\u0142atnicz\u0105, Klient obowi\u0105zany jest do dokonania p\u0142atno\u015bci w momencie zawarcia Umowy Sprzeda\u017cy &#8211; w przeciwnym razie zam\u00f3wienie zostanie anulowane.<\/li>\n<\/ol>\n\n\n\n<ul class=\"wp-block-list\">\n<li><strong>\u00a79<\/strong><\/li>\n<\/ul>\n\n\n\n<p><strong>Prawo odst\u0105pienia od umowy<\/strong><\/p>\n\n\n\n<ol class=\"wp-block-list\">\n<li>Konsument mo\u017ce w terminie do 14 dni odst\u0105pi\u0107 od Umowy Sprzeda\u017cy pieszej wycieczki bez podania jakiejkolwiek przyczyny. W takim przypadku otrzyma 100% zwrotu \u015brodk\u00f3w. W przypadku pozosta\u0142ych us\u0142ug turystycznych o kosztach anulacji Konsument zostanie poinformowany przez zawarciem umowy.<\/li>\n\n\n\n<li>Bieg terminu okre\u015blonego w ust. 1 rozpoczyna si\u0119 od dostarczenia daty zam\u00f3wienia wycieczki<\/li>\n\n\n\n<li>Konsument mo\u017ce odst\u0105pi\u0107 od Umowy, sk\u0142adaj\u0105c Sprzedawcy o\u015bwiadczenie o odst\u0105pieniu od Umowy. Do zachowania terminu odst\u0105pienia od Umowy wystarczy wys\u0142anie przez Konsumenta o\u015bwiadczenia przed up\u0142ywem tego terminu.<\/li>\n\n\n\n<li>O\u015bwiadczenie mo\u017ce by\u0107 wys\u0142ane za pomoc\u0105 tradycyjnej poczty, b\u0105d\u017a drog\u0105 elektroniczn\u0105 poprzez przes\u0142anie o\u015bwiadczenia na adres e-mail &#8211; dane kontaktowe Sprzedawcy zosta\u0142y okre\u015blone w \u00a7 3. O\u015bwiadczenie mo\u017cna z\u0142o\u017cy\u0107 r\u00f3wnie\u017c na formularzu, kt\u00f3rego wz\u00f3r stanowi za\u0142\u0105cznik nr 1 do niniejszego Regulaminu oraz za\u0142\u0105cznik do ustawy z dnia 30 maja 2014 roku o prawach konsumenta, jednak nie jest to obowi\u0105zkowe..<\/li>\n\n\n\n<li>W przypadku przes\u0142ania o\u015bwiadczenia przez Konsumenta drog\u0105 elektroniczn\u0105, Sprzedawca niezw\u0142ocznie prze\u015ble Konsumentowi na podany przez Konsumenta adres e-mail potwierdzenie otrzymania o\u015bwiadczenia o odst\u0105pieniu od Umowy.<\/li>\n\n\n\n<li>Skutki odst\u0105pienia od Umowy:<\/li>\n\n\n\n<li>W przypadku odst\u0105pienia od Umowy zawartej na odleg\u0142o\u015b\u0107 Umow\u0119 uwa\u017ca si\u0119 za niezawart\u0105.<\/li>\n\n\n\n<li>W przypadku odst\u0105pienia od Umowy \u2013 zgodnie z \u00a7 9 pkt 1 &#8211; &nbsp;Sprzedawca zwraca Konsumentowi niezw\u0142ocznie, nie p\u00f3\u017aniej ni\u017c w terminie 14 dni od dnia otrzymania o\u015bwiadczenia Konsumenta o odst\u0105pieniu od Umowy<\/li>\n\n\n\n<li>Zwrotu p\u0142atno\u015bci Sprzedawca dokona przy u\u017cyciu takich samych metod p\u0142atno\u015bci, jakie zosta\u0142y przez Konsumenta u\u017cyte w pierwotnej transakcji, chyba \u017ce Konsument wyra\u017anie zgodzi\u0142 si\u0119 na inne rozwi\u0105zanie, kt\u00f3re nie b\u0119dzie si\u0119 wi\u0105za\u0142o dla niego z \u017cadnymi kosztami.<\/li>\n<\/ol>\n\n\n\n<ul class=\"wp-block-list\">\n<li><strong>\u00a711<\/strong><\/li>\n<\/ul>\n\n\n\n<p><strong>Reklamacja i gwarancja<\/strong><\/p>\n\n\n\n<ol class=\"wp-block-list\">\n<li>Umow\u0105 Sprzeda\u017cy obj\u0119te s\u0105 organizowane wycieczki.<\/li>\n\n\n\n<li>Reklamacj\u0119 nale\u017cy zg\u0142osi\u0107 pisemnie lub drog\u0105 elektroniczn\u0105 na podane w niniejszym Regulaminie adresy Sprzedawcy.<\/li>\n\n\n\n<li>Sprzedawca ustosunkuje si\u0119 do \u017c\u0105dania reklamacyjnego niezw\u0142ocznie, nie p\u00f3\u017aniej ni\u017c w terminie 14 dni, a je\u015bli nie zrobi tego w tym terminie, uwa\u017ca si\u0119, \u017ce \u017c\u0105danie Klienta uzna\u0142 za uzasadnione.<\/li>\n<\/ol>\n\n\n\n<ul class=\"wp-block-list\">\n<li><strong>\u00a712<\/strong><\/li>\n<\/ul>\n\n\n\n<p><strong>Pozas\u0105dowe sposoby rozpatrywania reklamacji i dochodzenia roszcze\u0144<\/strong><\/p>\n\n\n\n<ol class=\"wp-block-list\">\n<li>Szczeg\u00f3\u0142owe informacje dotycz\u0105ce mo\u017cliwo\u015bci skorzystania przez Konsumenta z&nbsp; pozas\u0105dowych sposob\u00f3w rozpatrywania reklamacji i dochodzenia roszcze\u0144 oraz zasady dost\u0119pu do tych procedur dost\u0119pne s\u0105 w siedzibach oraz na stronach internetowych powiatowych (miejskich) rzecznik\u00f3w konsument\u00f3w, organizacji spo\u0142ecznych, do kt\u00f3rych zada\u0144 statutowych nale\u017cy ochrona konsument\u00f3w, Wojew\u00f3dzkich Inspektorat\u00f3w Inspekcji Handlowej oraz pod nast\u0119puj\u0105cymi adresami internetowymi Urz\u0119du Ochrony Konkurencji i Konsument\u00f3w: http:\/\/www.uokik.gov.pl\/spory_konsumenckie.php; http:\/\/www.uokik.gov.pl\/sprawy_indywidualne.php oraz http:\/\/www.uokik.gov.pl\/wazne_adresy.php.<\/li>\n\n\n\n<li>Konsument posiada nast\u0119puj\u0105ce przyk\u0142adowe mo\u017cliwo\u015bci skorzystania z pozas\u0105dowych sposob\u00f3w rozpatrywania reklamacji i dochodzenia roszcze\u0144:<\/li>\n\n\n\n<li>Konsument uprawniony jest do zwr\u00f3cenia si\u0119 do sta\u0142ego polubownego s\u0105du konsumenckiego, o kt\u00f3rym mowa w art. 37 ustawy z dnia 15 grudnia 2000 r. o Inspekcji Handlowej (Dz.U. z 2014 r. poz. 148 z p\u00f3\u017an. zm.), z wnioskiem o rozstrzygni\u0119cie sporu wynik\u0142ego z Umowy zawartej ze Sprzedawc\u0105.<\/li>\n\n\n\n<li>Konsument uprawniony jest do zwr\u00f3cenia si\u0119 do wojew\u00f3dzkiego inspektora Inspekcji Handlowej, zgodnie z art. 36 ustawy z dnia 15 grudnia 2000 r. o Inspekcji Handlowej (Dz.U. z 2014 r. poz. 148 z p\u00f3\u017an. zm.), z wnioskiem o wszcz\u0119cie post\u0119powania mediacyjnego w sprawie polubownego zako\u0144czenia sporu mi\u0119dzy Konsumentem a Sprzedawc\u0105.<\/li>\n\n\n\n<li>Konsument mo\u017ce uzyska\u0107 bezp\u0142atn\u0105 pomoc w sprawie rozstrzygni\u0119cia sporu mi\u0119dzy nim a Sprzedawc\u0105, korzystaj\u0105c tak\u017ce z bezp\u0142atnej pomocy powiatowego (miejskiego) rzecznika konsument\u00f3w lub organizacji spo\u0142ecznej, do kt\u00f3rej zada\u0144 statutowych nale\u017cy ochrona konsument\u00f3w (m.in. Federacja Konsument\u00f3w, Stowarzyszenie Konsument\u00f3w Polskich).<\/li>\n<\/ol>\n\n\n\n<ul class=\"wp-block-list\">\n<li><strong>\u00a713<\/strong><\/li>\n<\/ul>\n\n\n\n<p><strong>Dane osobowe w Sklepie internetowym<\/strong><\/p>\n\n\n\n<ol class=\"wp-block-list\">\n<li>Administratorem danych osobowych Klient\u00f3w zbieranych za po\u015brednictwem Sklepu internetowego jest Sprzedawca.<\/li>\n\n\n\n<li>Dane osobowe Klient\u00f3w zbierane przez administratora za po\u015brednictwem Sklepu internetowego zbierane s\u0105 w celu realizacji Umowy Sprzeda\u017cy, a je\u017celi Klient wyrazi na to zgod\u0119 &#8211; tak\u017ce w celu marketingowym.<\/li>\n\n\n\n<li>Odbiorcami danych osobowych Klient\u00f3w Sklepu internetowego mog\u0105 by\u0107:<\/li>\n\n\n\n<li>W przypadku Klienta, kt\u00f3ry wykupi\u0142 wycieczk\u0119 z transportem, Administrator udost\u0119pnia zebrane dane osobowe Klienta wybranemu przewo\u017anikowi lub po\u015brednikowi realizuj\u0105cemu wycieczk\u0119 na zlecenie Administratora.<\/li>\n\n\n\n<li>W przypadku Klienta, kt\u00f3ry korzysta w Sklepie internetowym ze sposobu p\u0142atno\u015bci elektronicznych lub kart\u0105 p\u0142atnicz\u0105 Administrator udost\u0119pnia zebrane dane osobowe Klienta, wybranemu podmiotowi obs\u0142uguj\u0105cemu powy\u017csze p\u0142atno\u015bci w Sklepie internetowym: w przypadku polskiej waluty: Przelewy24 \u2013 PayPro S.A. ul. Kanclerska 15, 60-327 Pozna\u0144; euro: Stripe -South San Francisco, 354 Oyster Point Blvd, United States<\/li>\n\n\n\n<li>Klient ma prawo dost\u0119pu do tre\u015bci swoich danych oraz ich poprawiania.<\/li>\n\n\n\n<li>Podanie danych osobowych jest dobrowolne, aczkolwiek niepodanie wskazanych w Regulaminie danych osobowych niezb\u0119dnych do zawarcia Umowy Sprzeda\u017cy skutkuje brakiem mo\u017cliwo\u015bci zawarcia tej\u017ce umowy.<\/li>\n<\/ol>\n\n\n\n<ul class=\"wp-block-list\">\n<li><strong>\u00a714<\/strong><\/li>\n<\/ul>\n\n\n\n<p><strong>Postanowienia ko\u0144cowe<\/strong><\/p>\n\n\n\n<ol class=\"wp-block-list\">\n<li>Umowy zawierane poprzez Sklep internetowy zawierane s\u0105 w j\u0119zyku polskim lub angielskim<\/li>\n\n\n\n<li>Sprzedawca zastrzega sobie prawo do dokonywania zmian Regulaminu z wa\u017cnych przyczyn to jest: zmiany przepis\u00f3w prawa, zmiany sposob\u00f3w p\u0142atno\u015bci i dostaw &#8211; w zakresie, w jakim te zmiany wp\u0142ywaj\u0105 na realizacj\u0119 postanowie\u0144 niniejszego Regulaminu. O ka\u017cdej zmianie Sprzedawca poinformuje Klienta z co najmniej 7 dniowym wyprzedzeniem.<\/li>\n\n\n\n<li>W sprawach nieuregulowanych w niniejszym Regulaminie maj\u0105 zastosowanie powszechnie obowi\u0105zuj\u0105ce przepisy prawa polskiego, w szczeg\u00f3lno\u015bci: Kodeksu cywilnego; ustawy o \u015bwiadczeniu us\u0142ug drog\u0105 elektroniczn\u0105; ustawy o prawach konsumenta, ustawy o ochronie danych osobowych.<\/li>\n\n\n\n<li>Klient ma prawo skorzysta\u0107 z pozas\u0105dowych sposob\u00f3w rozpatrywania reklamacji i dochodzenia roszcze\u0144. W tym celu mo\u017ce z\u0142o\u017cy\u0107 skarg\u0119 za po\u015brednictwem unijnej platformy internetowej ODR dost\u0119pnej pod adresem: http:\/\/ec.europa.eu\/consumers\/odr\/.<\/li>\n\n\n\n<li>Regulamin wchodzi w \u017cycie z dniem 11.12.2023 rok.<\/li>\n<\/ol>\n","protected":false},"excerpt":{"rendered":"<p>Regulamin portalu internetowego Postanowienia wst\u0119pne Definicje Kontakt ze Sklepem Wymagania techniczne Do korzystania ze Sklepu, w tym przegl\u0105dania asortymentu Sklepu oraz sk\u0142adania zam\u00f3wie\u0144 na Produkty, niezb\u0119dne s\u0105: Informacje og\u00f3lne Zasady sk\u0142adania Zam\u00f3wienia W celu z\u0142o\u017cenia Zam\u00f3wienia nale\u017cy: Oferowane metody p\u0142atno\u015bci Wykonanie umowy sprzeda\u017cy Prawo odst\u0105pienia od umowy Reklamacja i gwarancja Pozas\u0105dowe sposoby rozpatrywania reklamacji i&#8230;<\/p>\n","protected":false},"author":1,"featured_media":0,"parent":0,"menu_order":0,"comment_status":"closed","ping_status":"closed","template":"","meta":{"_kadence_starter_templates_imported_post":false,"_kad_post_transparent":"","_kad_post_title":"","_kad_post_layout":"","_kad_post_sidebar_id":"","_kad_post_content_style":"","_kad_post_vertical_padding":"","_kad_post_feature":"","_kad_post_feature_position":"","_kad_post_header":false,"_kad_post_footer":false,"_kad_post_classname":"","footnotes":""},"class_list":["post-1793","page","type-page","status-publish","hentry"],"_links":{"self":[{"href":"https:\/\/ziemiaswietawycieczki.com.pl\/index.php?rest_route=\/wp\/v2\/pages\/1793","targetHints":{"allow":["GET"]}}],"collection":[{"href":"https:\/\/ziemiaswietawycieczki.com.pl\/index.php?rest_route=\/wp\/v2\/pages"}],"about":[{"href":"https:\/\/ziemiaswietawycieczki.com.pl\/index.php?rest_route=\/wp\/v2\/types\/page"}],"author":[{"embeddable":true,"href":"https:\/\/ziemiaswietawycieczki.com.pl\/index.php?rest_route=\/wp\/v2\/users\/1"}],"replies":[{"embeddable":true,"href":"https:\/\/ziemiaswietawycieczki.com.pl\/index.php?rest_route=%2Fwp%2Fv2%2Fcomments&post=1793"}],"version-history":[{"count":2,"href":"https:\/\/ziemiaswietawycieczki.com.pl\/index.php?rest_route=\/wp\/v2\/pages\/1793\/revisions"}],"predecessor-version":[{"id":1811,"href":"https:\/\/ziemiaswietawycieczki.com.pl\/index.php?rest_route=\/wp\/v2\/pages\/1793\/revisions\/1811"}],"wp:attachment":[{"href":"https:\/\/ziemiaswietawycieczki.com.pl\/index.php?rest_route=%2Fwp%2Fv2%2Fmedia&parent=1793"}],"curies":[{"name":"wp","href":"https:\/\/api.w.org\/{rel}","templated":true}]}}