{"id":1784,"date":"2023-11-24T15:39:58","date_gmt":"2023-11-24T14:39:58","guid":{"rendered":"https:\/\/ziemiaswietawycieczki.com.pl\/?page_id=1784"},"modified":"2024-06-14T19:03:29","modified_gmt":"2024-06-14T17:03:29","slug":"klauzula-informacyjna-o-przetwarzaniu-danych-osobowych","status":"publish","type":"page","link":"https:\/\/ziemiaswietawycieczki.com.pl\/?page_id=1784","title":{"rendered":"Klauzula informacyjna o przetwarzaniu danych osobowych"},"content":{"rendered":"\n<p><strong>Klauzula informacyjna o przetwarzaniu danych osobowych<\/strong><\/p>\n\n\n\n<p>W zwi\u0105zku z realizacj\u0105 wymog\u00f3w Rozporz\u0105dzenia Parlamentu Europejskiego i Rady (UE) 2016\/679 z dnia 27 kwietnia 2016 r. w sprawie ochrony os\u00f3b fizycznych w zwi\u0105zku z przetwarzaniem danych osobowych i w sprawie swobodnego przep\u0142ywu takich danych oraz uchylenia dyrektywy 95\/46\/WE (og\u00f3lne rozporz\u0105dzenie o ochronie danych \u201eRODO\u201d), informujemy o zasadach przetwarzania Pani\/Pana danych osobowych oraz o przys\u0142uguj\u0105cych Pani\/Panu prawach z tym zwi\u0105zanych.<\/p>\n\n\n\n<p>Poni\u017csze zasady stosuje si\u0119 pocz\u0105wszy od 25 maja 2018 roku.<\/p>\n\n\n\n<ol class=\"wp-block-list\">\n<li>Administratorem Pani\/Pana danych osobowych jest Seweryn Osowski Elpol, ul. Krakowska 146a\/28, 34-120 Andrych\u00f3w.<\/li>\n\n\n\n<li>Kontakt w sprawie ochrony danych osobowych: info@krakowtourguide.pl<\/li>\n\n\n\n<li>Administrator przetwarza Pani\/Pana dane osobowe na podstawie obowi\u0105zuj\u0105cych przepis\u00f3w prawa, zawartych um\u00f3w oraz na podstawie udzielonej zgody.<\/li>\n\n\n\n<li>Pani\/Pana dane osobowe przetwarzane s\u0105 w celu\/celach:<\/li>\n\n\n\n<li>a) 6 pkt.1 a) osoba, kt\u00f3rej dane dotycz\u0105 wyrazi\u0142a zgod\u0119 na przetwarzanie swoich danych osobowych w jednym lub wi\u0119kszej liczbie okre\u015blonych cel\u00f3w;<\/li>\n\n\n\n<li>b) 6 pkt.1 b) przetwarzanie jest niezb\u0119dne do wykonania umowy, kt\u00f3rej stron\u0105 jest osoba, kt\u00f3rej dane dotycz\u0105;<\/li>\n\n\n\n<li>c) 6 pkt.1 c) przetwarzanie jest niezb\u0119dne do wype\u0142nienia obowi\u0105zku prawnego ci\u0105\u017c\u0105cego na administratorze;<\/li>\n\n\n\n<li>d) 6 pkt.1 d)  przetwarzanie jest niezb\u0119dne w celach biznesowych informuj\u0105c Firm\u0119 Facebook Ireland Ltd., 4 Grand Canal Square, Grand Canal Harbour, Dublin 2, Ireland o dzia\u0142alno\u015bci na stronie os\u00f3b celem wykupionej reklamy na profilu na FB.<\/li>\n\n\n\n<li>Na stronie u\u017cywany jest piksel Facebooka, co umo\u017cliwia Facebookowi (Meta Platforms Ireland Ltd., z siedzib\u0105 przy 4 Grand Canal Square, Grand Canal Harbour, Dublin 2, Ireland) \u015bledzenie u\u017cytkownika zarejestrowany na platformie korzystaj\u0105cego ze strony ziemiaswietawycieczki.com.pl. Opiera si\u0119 to na danych, kt\u00f3rych administratorem jest sam Facebook. Nie udost\u0119pniam \u017cadnych dodatkowych danych osobowych do Facebooka. W zale\u017cno\u015bci od sytuacji, ADO lub Facebook Ireland pozostaj\u0105 niezale\u017cnymi administratorami danych zgodnie w odniesieniu do ka\u017cdego przetwarzania danych osobowych z narz\u0119dzi biznesowych zgodnie z RODO https:\/\/www.facebook.com\/legal\/terms\/businesstools\/ Informacje wymagane przez a RODO w zakresie przetwarzania przez Facebook mo\u017cna znale\u017a\u0107 pod adresem: https:\/\/www.facebook.com\/about\/privacy<\/li>\n\n\n\n<li>W zwi\u0105zku z przetwarzaniem danych w celach o kt\u00f3rych mowa w pkt 4 odbiorcami Pani\/Pana danych osobowych mog\u0105 by\u0107 poza platform\u0105 FB organy w\u0142adzy publicznej oraz podmioty wykonuj\u0105ce zadania publiczne lub dzia\u0142aj\u0105ce na zlecenie organ\u00f3w w\u0142adzy publicznej lub inne podmioty, kt\u00f3re na podstawie stosownych um\u00f3w powierzenia przetwarzaj\u0105 dane osobowe w zbiorach Administratora.<\/li>\n\n\n\n<li>Pani\/Pana dane osobowe b\u0119d\u0105 przechowywane przez okres niezb\u0119dny do realizacji cel\u00f3w okre\u015blonych w pkt 4, a po tym czasie przez okres oraz w zakresie wymaganym przez przepisy powszechnie obowi\u0105zuj\u0105cego prawa.<\/li>\n\n\n\n<li>W zwi\u0105zku z przetwarzaniem Pani\/Pana danych osobowych przys\u0142uguj\u0105 Pani\/Panu nast\u0119puj\u0105ce uprawnienia: prawo dost\u0119pu do danych osobowych, prawo udost\u0119pnienia danych, prawo do poprawiania danych \u2013 w przypadku gdy dane s\u0105 nieprawid\u0142owe lub niekompletne, prawo do \u017c\u0105dania usuni\u0119cia danych osobowych (tzw. prawo do bycia zapomnianym), prawo do \u017c\u0105dania ograniczenia przetwarzania, prawo sprzeciwu wobec przetwarzania danych.<\/li>\n\n\n\n<li>W przypadku gdy przetwarzanie danych osobowych odbywa si\u0119 na podstawie zgody osoby na przetwarzanie danych osobowych (art. 6 ust. 1 lit a RODO), przys\u0142uguje Pani\/Panu prawo do cofni\u0119cia tej zgody w dowolnym momencie. Cofni\u0119cie to nie ma wp\u0142ywu na zgodno\u015b\u0107 przetwarzania, kt\u00f3rego dokonano na podstawie zgody przed jej cofni\u0119ciem, z obowi\u0105zuj\u0105cym prawem.<\/li>\n\n\n\n<li>W przypadku powzi\u0119cia informacji o niezgodnym z prawem przetwarzaniu Pani\/Pana danych osobowych, przys\u0142uguje Pani\/Panu prawo wniesienia skargi do organu nadzorczego w\u0142a\u015bciwego w sprawach ochrony danych osobowych.<\/li>\n\n\n\n<li>W sytuacji, gdy przetwarzanie danych osobowych odbywa si\u0119 na podstawie zgody osoby, kt\u00f3rej dane dotycz\u0105, podanie przez Pani\u0105\/Pana danych osobowych Administratorowi ma charakter dobrowolny.<\/li>\n\n\n\n<li>Podanie przez Pani\u0105\/Pana danych osobowych jest obowi\u0105zkowe, w sytuacji gdy przes\u0142ank\u0119 przetwarzania danych osobowych stanowi przepis prawa lub zawarta mi\u0119dzy stronami umowa.<\/li>\n\n\n\n<li>Pani\/Pana dane mog\u0105 by\u0107 przetwarzane w spos\u00f3b zautomatyzowany i nie b\u0119d\u0105 profilowane.<\/li>\n\n\n\n<li>Pani\/Pana dane osobowe nie b\u0119d\u0105 przekazywane do pa\u0144stwa trzeciego\/organizacji mi\u0119dzynarodowej<\/li>\n<\/ol>\n","protected":false},"excerpt":{"rendered":"<p>Klauzula informacyjna o przetwarzaniu danych osobowych W zwi\u0105zku z realizacj\u0105 wymog\u00f3w Rozporz\u0105dzenia Parlamentu Europejskiego i Rady (UE) 2016\/679 z dnia 27 kwietnia 2016 r. w sprawie ochrony os\u00f3b fizycznych w zwi\u0105zku z przetwarzaniem danych osobowych i w sprawie swobodnego przep\u0142ywu takich danych oraz uchylenia dyrektywy 95\/46\/WE (og\u00f3lne rozporz\u0105dzenie o ochronie danych \u201eRODO\u201d), informujemy o zasadach&#8230;<\/p>\n","protected":false},"author":1,"featured_media":0,"parent":0,"menu_order":0,"comment_status":"closed","ping_status":"closed","template":"","meta":{"_kadence_starter_templates_imported_post":false,"_kad_post_transparent":"","_kad_post_title":"","_kad_post_layout":"","_kad_post_sidebar_id":"","_kad_post_content_style":"","_kad_post_vertical_padding":"","_kad_post_feature":"","_kad_post_feature_position":"","_kad_post_header":false,"_kad_post_footer":false,"_kad_post_classname":"","footnotes":""},"class_list":["post-1784","page","type-page","status-publish","hentry"],"_links":{"self":[{"href":"https:\/\/ziemiaswietawycieczki.com.pl\/index.php?rest_route=\/wp\/v2\/pages\/1784","targetHints":{"allow":["GET"]}}],"collection":[{"href":"https:\/\/ziemiaswietawycieczki.com.pl\/index.php?rest_route=\/wp\/v2\/pages"}],"about":[{"href":"https:\/\/ziemiaswietawycieczki.com.pl\/index.php?rest_route=\/wp\/v2\/types\/page"}],"author":[{"embeddable":true,"href":"https:\/\/ziemiaswietawycieczki.com.pl\/index.php?rest_route=\/wp\/v2\/users\/1"}],"replies":[{"embeddable":true,"href":"https:\/\/ziemiaswietawycieczki.com.pl\/index.php?rest_route=%2Fwp%2Fv2%2Fcomments&post=1784"}],"version-history":[{"count":3,"href":"https:\/\/ziemiaswietawycieczki.com.pl\/index.php?rest_route=\/wp\/v2\/pages\/1784\/revisions"}],"predecessor-version":[{"id":1871,"href":"https:\/\/ziemiaswietawycieczki.com.pl\/index.php?rest_route=\/wp\/v2\/pages\/1784\/revisions\/1871"}],"wp:attachment":[{"href":"https:\/\/ziemiaswietawycieczki.com.pl\/index.php?rest_route=%2Fwp%2Fv2%2Fmedia&parent=1784"}],"curies":[{"name":"wp","href":"https:\/\/api.w.org\/{rel}","templated":true}]}}